 -3*s + 29. What is the tens digit of b(s)?
2
Let n be (-336)/70*50/(-3). Suppose -2*d - 354 = -4*p, 91 = 2*p + 5*d - n. What is the tens digit of p?
8
Let p(j) = -j**3 - 7*j**2 + 19*j + 57. What is the hundreds digit of p(-18)?
2
Let y be (-68)/(-12) - -2 - (-4)/(-6). Let v = -1 - 0. Let c = v + y. What is the units digit of c?
6
What is the units digit of (-9)/(-6)*(-65572)/(-78)?
1
Let o = -473 + 1269. What is the units digit of o?
6
Let m be ((-13)/4)/(6/(-24)). Suppose m = w + 8. Suppose -w*o + 236 + 179 = 0. What is the units digit of o?
3
Suppose -5 + 49 = 2*m - 4*s, -5*m + 45 = 3*s. What is the tens digit of (-51 + -1)*m/(-8)?
7
What is the units digit of (-49)/245 - (-11022)/10?
2
Let s(m) = 3*m**3 - 66*m**2 - 53*m - 18. What is the units digit of s(23)?
0
Suppose 0 = 14*i - 13*i - 5*b - 526, -3*i = 5*b - 1638. What is the hundreds digit of i?
5
What is the units digit of -6 - ((-312)/8 - 7)?
0
Let d be 5/((-1)/(3/(-3))). Let o be 2 + (-1)/2*2*-3. Suppose 0 = -o*w - d*t + 70, -20 = 5*w + 2*t - 78. What is the units digit of w?
0
Let i(m) = 3*m**2 + 3*m - 3. Let j be i(2). Let l be (51/15 - 3)*j. What is the units digit of 2/l + 42/9?
5
Suppose 0 = -h + 4*k - 13, 4*h - 7 = -2*k + 31. Suppose -12*d + 15 = -h*d. Suppose 108 = 3*n + 3*y, 4*n - 49 = -d*y + 93. What is the tens digit of n?
3
Let c be ((-2)/(-6)*0)/(-2). Suppose -40 = 2*u - c*u. Let f = 45 + u. What is the units digit of f?
5
Suppose -63*n - 2046 = -57*n. Let s = -184 - n. What is the units digit of s?
7
Suppose 4*h - 445 + 117 = 0. Let u = h - 25. What is the tens digit of u?
5
Let k = -283 + 267. Let i be -1*2 + -39 + -2. Let w = k - i. What is the tens digit of w?
2
Let c(h) = -h**3 - 13*h**2 + 5*h - 15. Let j be c(-7). What is the tens digit of ((-15)/(-2))/(-5)*j/6?
8
Let c = 3936 + -2612. Suppose -480 = -11*v + c. What is the hundreds digit of v?
1
Let a = 48 - 34. Suppose -29 = -3*v + 4*l, 3*l + l + 20 = 0. Let g = a + v. What is the units digit of g?
7
Let t be (12/15)/(6/15). Suppose 5*b - 3*p + t*p - 47 = 0, -p = -3. Suppose -6*z + z + b = 0. What is the units digit of z?
2
Let f(c) = 12*c**2 + 28*c - 210. What is the hundreds digit of f(9)?
0
Suppose -22*p + 19*p = -h + 1622, h + p = 1614. What is the thousands digit of h?
1
Suppose -2*y - t + 68 = 0, -3*t = 5*y - 39 - 131. Let q = 36 - 54. Let u = y + q. What is the tens digit of u?
1
Suppose 4*a + 100 = -116. Let u = 148 - 73. Let v = a + u. What is the tens digit of v?
2
Let w(q) be the second derivative of q**3/2 - 10*q**2 - 11*q. Let i be w(11). Suppose 1 - i = -t. What is the units digit of t?
2
What is the units digit of (-15072)/56*(-56)/16?
2
Let q(x) = 3*x**3 - 2*x**2 - 2*x + 3. Let s be 24/9 - (-2)/6. What is the tens digit of q(s)?
6
Let r(z) = -84*z + 7. Let a be ((-17)/(-51))/(2/(-12) + 0). What is the hundreds digit of r(a)?
1
Let l = 749 - 693. What is the units digit of l?
6
Suppose -4*t + 2*z - 218 = 0, -3*t + z - 3*z - 167 = 0. What is the units digit of (-1 - t/(-3) - -3)*-6?
8
Suppose k = 54 - 8. Suppose -5*x - 159 = -4*l - k, 2*l + x = 67. What is the tens digit of l?
3
What is the units digit of 2132 + (1 - (11 + -1))?
3
Suppose -5*j - 330 + 1114 = -2*g, 3*g + 6 = 0. Let p = j + -108. What is the tens digit of p?
4
Suppose m - 375 = -14*m. What is the tens digit of m?
2
Let n(w) = 2*w**2 + 0*w**3 - 5 - 4*w - 6*w**2 + w**3 + 0*w**2. Let f be n(5). Suppose -x + 4*k = -f*x + 3, -5*x = 4*k - 57. What is the units digit of x?
9
Let z = 475 + 72. What is the units digit of z?
7
What is the hundreds digit of -1*((-1963)/52)/(1/8)?
3
Suppose 4*t - 7 - 5 = 0. Suppose 0*n + 4*n = -t*z + 227, 0 = -2*z - 3*n + 153. What is the units digit of z?
9
Suppose -2*z = 6*z - 792. Suppose 7*h - z - 125 = 0. What is the units digit of h?
2
Let g(c) = -554*c - 94. What is the units digit of g(-8)?
8
Suppose -2*w = -7*c + 4*c + 251, c - 3*w = 86. Suppose -3*m = -c - 28. What is the units digit of m?
7
What is the units digit of 0 + -5 + (266 - 0)?
1
Let g(b) = -3*b**3 - 3*b**2 - 4*b + 2. Let d be g(-3). Let a = d + -10. What is the units digit of a?
8
Suppose -5*b - 2172 = -14207. What is the tens digit of b?
0
Let n(w) = 2*w**3 + 2*w**2 - 1. Let o be n(-2). Suppose v + 5*c - 7 = 4*v, 0 = 4*v - 4*c + 12. What is the units digit of 51/o*(v + 1)?
7
Suppose -25 - 29 = 2*s. Let i = s + 43. Let p = i - -4. What is the tens digit of p?
2
Suppose -12761 = -50*w + 43*w. What is the units digit of w?
3
Let z = -87 + 614. What is the tens digit of z?
2
Suppose 6*q = 2*q. Let p(n) = n - 1. Let x be p(4). Suppose 0 = -k - q*k - 1, -3*j - x*k = -51. What is the tens digit of j?
1
Let z = -100 + 162. Suppose 2*s = s + 31. Let l = z - s. What is the tens digit of l?
3
Suppose 36 = 4*q - 28. Suppose -2*m = -w + 2*m + q, w - 40 = -4*m. Suppose -6*b + 100 - w = 0. What is the tens digit of b?
1
Let j = -8 - -3. Let n(o) be the first derivative of -o**2/2 + o + 4. What is the units digit of n(j)?
6
Suppose a + 180 = 4*q, 4*a + 214 = 5*q - 0*a. Let j = -13 + q. What is the units digit of j?
3
Suppose -14*q + 152 = -310. What is the tens digit of q?
3
Suppose 5*f + 2*v = 6569 + 4344, 0 = -3*v - 3. What is the thousands digit of f?
2
Let g(j) = -j**2 + 41*j - 18. What is the tens digit of g(29)?
3
Suppose -15 + 10 = -5*s. What is the hundreds digit of (s/(-1) - -1) + 151?
1
Let s(h) be the first derivative of h**3/3 + h**2/2 + 2*h - 5. Let f be s(-2). Suppose f*y + 32 = 92. What is the tens digit of y?
1
Suppose 0*o - 4*o - 64 = 0. Let b = o + 16. Suppose 0 = -b*a - 4*a + 48. What is the tens digit of a?
1
Suppose -12*z = -2368 - 548. What is the units digit of z?
3
Let a(t) = -6 + 3 + 8*t**3 + 2*t**2 + 2*t - 2*t**2. Let g be a(2). Suppose -7*j + 3*j = -5*s - g, -4*s + 11 = j. What is the units digit of j?
5
Suppose -250 = -2*a - 3*a. Suppose 0 = 5*z - a. What is the units digit of z?
0
Let h(y) = 3*y - 15 - 7 + 15*y**2 + y**3 + 12*y. What is the units digit of h(-12)?
0
Let z(x) be the third derivative of x**6/120 - x**5/12 - x**4/12 + 2*x**3 + 2*x**2. Let l be z(5). Suppose 0*s = l*s - 80. What is the units digit of s?
0
What is the units digit of 63 - 61 - 214/(-2)*11?
9
Let f = 870 - 618. What is the tens digit of f?
5
Suppose 171 = o + 19. What is the units digit of o/10*(-10)/(-4)?
8
Let l(a) = 442*a + 131. What is the thousands digit of l(8)?
3
Let n(u) = u**3 + 20*u**2 + 6*u - 282. What is the units digit of n(-17)?
3
Suppose 0 = -2*k + 4*z - 12 - 0, -3*k - 5*z = -15. Suppose o - 5*w + 12 = 2*o, 4*o + 2*w - 12 = k. Suppose o = 5*h - 53. What is the units digit of h?
1
Let q(r) = -r - 3*r**2 + 0*r**2 + 14*r**3 + 2*r**2 + 1. Let h be q(1). Suppose 0*p + 3*p - 5*i - h = 0, 0 = 4*p + 4*i - 60. What is the tens digit of p?
1
Let p = 7 - 6. Let v be (-2)/p*5/(-10). Let s = v - 0. What is the units digit of s?
1
Suppose -1 = -3*o + 2*o. Let y be 3 + ((-9)/((-9)/10))/(-2). What is the tens digit of (-75)/6*o*y?
2
Suppose 17*m - 29642 = -6726. What is the units digit of m?
8
Let a be (315/28)/(-3*2/(-320)). What is the units digit of 4 + 2 + a/5?
6
Let q(n) = n - 10. Let r(a) = 3*a - 29. Let z(t) = 11*q(t) - 4*r(t). Let s = -8 + 3. What is the tens digit of z(s)?
1
Suppose -4*i - 11 = -5*z, -2*i - i = 2*z - 9. What is the hundreds digit of (-2*z/12)/((-1)/214)?
1
Let c = -87 + 276. What is the tens digit of c?
8
Suppose -2*k + 0*k + 4 = 0. Let s(y) = 0*y - k*y + 3*y - 2 + 3. What is the units digit of s(6)?
7
Suppose 2*y + 3*m - 54 - 14 = 0, -4*m = y - 29. What is the tens digit of y?
3
What is the units digit of 66/4*(-1456)/(-39)?
6
Suppose 4 = -3*y + 7*y, 0 = -2*q + y + 69. Let o = 17 + q. Suppose 0 = -3*x + o + 173. What is the tens digit of x?
7
Let g(m) = -4*m - 3. Let i be g(-8). Suppose 2*f + 3*f - 25 = 0, 5*o - 30 = 3*f. Let d = i - o. What is the tens digit of d?
2
Let g be 2 - (1 + 2 + -1)*-1. Suppose -2*f + 690 = 2*f - 3*b, 3*f - 514 = g*b. What is the tens digit of f?
7
Let d(l) = -7*l - 26. Let k(x) = -x**2 - 4*x - 21. Let t be k(0). What is the hundreds digit of d(t)?
1
Let z = -10 - -14. What is the units digit of z*-13*(-7)/14?
6
Let r = 14 - 2. Let i be 50 + -3*(-8)/r. Let k = -29 + i. What is the tens digit of k?
2
Let a be ((-6)/2)/(0 + -1). Let r(m) = 2*m**3 + 3*m**2 + 3*m - 2. What is the tens digit of r(a)?
8
